{"id":46,"date":"2022-03-10T09:17:59","date_gmt":"2022-03-10T09:17:59","guid":{"rendered":"https:\/\/www.ursula-schensky.de\/?page_id=46"},"modified":"2025-06-09T22:15:47","modified_gmt":"2025-06-09T22:15:47","slug":"46-2","status":"publish","type":"page","link":"https:\/\/www.ursula-schensky.de\/cms\/46-2\/","title":{"rendered":"Praxis"},"content":{"rendered":"\r\n<p>&nbsp;<\/p>\r\n\r\n\r\n\r\n<figure class=\"wp-block-image size-full\"><img loading=\"lazy\" decoding=\"async\" width=\"1024\" height=\"261\" class=\"wp-image-8\" src=\"http:\/\/www.ursula-schensky.de\/wp-content\/uploads\/2022\/03\/Header-LPraxis1024x261.jpg\" alt=\"\" srcset=\"https:\/\/www.ursula-schensky.de\/cms\/wp-content\/uploads\/2022\/03\/Header-LPraxis1024x261.jpg 1024w, https:\/\/www.ursula-schensky.de\/cms\/wp-content\/uploads\/2022\/03\/Header-LPraxis1024x261-300x76.jpg 300w, https:\/\/www.ursula-schensky.de\/cms\/wp-content\/uploads\/2022\/03\/Header-LPraxis1024x261-768x196.jpg 768w\" sizes=\"auto, (max-width: 1024px) 100vw, 1024px\" \/><\/figure>\r\n\r\n\r\n\r\n\r\n\r\n<p>&nbsp;<\/p>\r\n<p><span style=\"font-size: 14pt;\"><strong>\u201eNur was ich annehme, kann ich ver\u00e4ndern.\u201c \u2013 Carl Gustav Jung<\/strong><\/span><\/p>\r\n<h3><span style=\"font-size: 14pt;\">Elternberatung bei Konfliktsituationen \u2013 Trauen Sie sich, Probleme anzusprechen<\/span><\/h3>\r\n<p><span style=\"font-size: 14pt;\">F\u00fcr mehr Klarheit und inneres Wachstum!<\/span><\/p>\r\n<p><span style=\"font-size: 14pt;\">Sich den eigenen Themen zu stellen, kann herausfordernd sein. Doch gerade darin liegt die Chance f\u00fcr <strong>pers\u00f6nliches Wachstum<\/strong> und nachhaltige Leichtigkeit. Sobald Sie alte emotionale Muster erkennen und l\u00f6sen, gewinnen Sie Raum f\u00fcr bewusste Entscheidungen. Das erm\u00f6glicht Ihnen, wieder freier zu agieren, klar zu denken und liebevoll (als Elternteil) zu reagieren.<\/span><\/p>\r\n<p><span style=\"font-size: 14pt;\">Wollen Sie:<\/span><\/p>\r\n<ul>\r\n<li><span style=\"font-size: 14pt;\">Klarheit im Umgang mit sich selbst und anderen?<\/span><\/li>\r\n<li><span style=\"font-size: 14pt;\">Unterst\u00fctzung in Konfliktsituationen?<\/span><\/li>\r\n<li><span style=\"font-size: 14pt;\">Neue Perspektiven f\u00fcr die Bew\u00e4ltigung von Problemen?<\/span><\/li>\r\n<li><span style=\"font-size: 14pt;\">Orientierung und emotionale St\u00e4rke?<\/span><\/li>\r\n<\/ul>\r\n<p><span style=\"font-size: 14pt;\">Durch meine professionelle, neutrale Begleitung k\u00f6nnen Sie neue Wege einschlagen und gest\u00e4rkt in die Zukunft blicken, um nachhaltige Ver\u00e4nderungen zu bewirken.<\/span><\/p>\r\n<h3><span style=\"font-size: 14pt;\">Individuelle Sitzungen \u2013 Passgenau f\u00fcr Ihre Bed\u00fcrfnisse<\/span><\/h3>\r\n<p><span style=\"font-size: 14pt;\">Ob ein einmaliges Kl\u00e4rungsgespr\u00e4ch, eine kontinuierliche therapeutische Begleitung oder kurzfristige Unterst\u00fctzung in akuten Situationen\u00a0 Sie bestimmen den Umfang der Begleitungen selbst. Die Sitzungen dauern in der Regel 60 Minuten, auch abends m\u00f6glich. Oft sind 3 bis 5 Treffen ausreichend im Rhythmus von zwei bis drei Wochen.<\/span><\/p>\r\n<p><span style=\"font-size: 14pt;\">Pers\u00f6nliche Begegnungen bevorzuge ich, jedoch sind auch Sitzungen per Telefon oder Zoom eine zuverl\u00e4ssige und wirkungsvolle Alternative.<\/span><\/p>\r\n<h3><span style=\"font-size: 14pt;\">Kosten\u00a0\u00a0<\/span><\/h3>\r\n<ul>\r\n<li><span style=\"font-size: 14pt;\"><strong>Einzelsitzung (60 Min):<\/strong> \u20ac 80,-<\/span><\/li>\r\n<li><span style=\"font-size: 14pt;\"><strong>Paar-\/Gruppensitzung (90 Min):<\/strong> \u20ac 150,-<\/span><\/li>\r\n<li><span style=\"font-size: 14pt;\"><strong>Unter 18 Jahren (60 Min):<\/strong> \u20ac 60,-<\/span><\/li>\r\n<\/ul>\r\n<p><span style=\"font-size: 14pt;\">Da es sich um eine Privatpraxis handelt, werden die Kosten nicht von der Krankenkasse \u00fcbernommen.<\/span><\/p>\r\n<h3><span style=\"font-size: 14pt;\">Ihre Vorteile als Selbstzahler<\/span><\/h3>\r\n<ul>\r\n<li><span style=\"font-size: 14pt;\"><strong>Schnelle Terminvergabe:<\/strong> Termine f\u00fcr ein Erstgespr\u00e4ch sind innerhalb von 1 bis 2 Wochen m\u00f6glich \u2013 ohne lange Wartezeiten.<\/span><\/li>\r\n<li><span style=\"font-size: 14pt;\"><strong>Maximale Diskretion:<\/strong> Es wird keine formelle Krankheitsdiagnose gestellt, und Ihre Daten bleiben absolut vertraulich \u2013 ohne Eintr\u00e4ge in Krankenakten, die bei Versicherungen oder Arbeitgebern nachteilig sein k\u00f6nnten.<\/span><\/li>\r\n<li><span style=\"font-size: 14pt;\"><strong>Ganzheitlicher Ansatz:<\/strong> Da ich unabh\u00e4ngig von Krankenkassen arbeite, kann ich auf Ihre spezifischen Bed\u00fcrfnisse eingehen und gemeinsam mit Ihnen ma\u00dfgeschneiderte L\u00f6sungen entwickeln.<\/span><\/li>\r\n<li><span style=\"font-size: 14pt;\"><strong>Effizienz und Praxisn\u00e4he:<\/strong> Ohne b\u00fcrokratische Einschr\u00e4nkungen k\u00f6nnen wir uns voll auf Ihre Ziele und die nachhaltige L\u00f6sung Ihrer Anliegen konzentrieren \u2013 ohne Zeitverlust durch formelle Vorgaben.<\/span><\/li>\r\n<li><span style=\"font-size: 14pt;\"><b>V<\/b><strong data-start=\"722\" data-end=\"772\">ielseitige Methodenkompetenz \u2013 f\u00fcr Ihren Weg:<\/strong><\/span><br data-start=\"772\" data-end=\"775\" \/><span style=\"font-size: 14pt;\">Als erfahrene Therapeutin und P\u00e4dagogin sch\u00f6pfe ich aus einem breiten Methodenspektrum. Das erm\u00f6glicht eine flexible, pers\u00f6nliche Herangehensweise \u2013 abgestimmt auf Ihre Bed\u00fcrfnisse<\/span><\/li>\r\n<\/ul>\r\n<p><span style=\"font-size: 14pt;\">Absagen, die mindestens 24 Stunden im Voraus erfolgen, sind kostenfrei.<\/span><\/p>\r\n","protected":false},"excerpt":{"rendered":"<p>&nbsp; &nbsp; \u201eNur was ich annehme, kann ich ver\u00e4ndern.\u201c \u2013 Carl Gustav Jung Elternberatung bei Konfliktsituationen \u2013 Trauen Sie sich, Probleme anzusprechen F\u00fcr mehr Klarheit und inneres Wachstum! Sich den eigenen Themen zu stellen, kann herausfordernd sein. Doch gerade darin liegt die Chance f\u00fcr pers\u00f6nliches Wachstum und nachhaltige Leichtigkeit. Sobald Sie alte emotionale Muster erkennen &#8230; <a title=\"Praxis\" class=\"read-more\" href=\"https:\/\/www.ursula-schensky.de\/cms\/46-2\/\" aria-label=\"Mehr Informationen \u00fcber Praxis\">Weiterlesen<\/a><\/p>\n","protected":false},"author":2,"featured_media":0,"parent":0,"menu_order":0,"comment_status":"closed","ping_status":"closed","template":"","meta":{"sfsi_plus_gutenberg_text_before_share":"","sfsi_plus_gutenberg_show_text_before_share":"","sfsi_plus_gutenberg_icon_type":"","sfsi_plus_gutenberg_icon_alignemt":"","sfsi_plus_gutenburg_max_per_row":"","footnotes":""},"class_list":["post-46","page","type-page","status-publish"],"yoast_head":"<!-- This site is optimized with the Yoast SEO plugin v26.9 - https:\/\/yoast.com\/product\/yoast-seo-wordpress\/ -->\n<title>Praxis - Praxis f\u00fcr Lebensfragen und ElternCoaching<\/title>\n<meta name=\"description\" content=\"Bei Problemen im Leben, schwierigen Paarsituationen und anstrengenden Herausforderungen mit sich und Kindern biete ich Ihnen eine effektive, Begleitung. Durch individuelle Elternberatung und in Kursen unterst\u00fctze ich Sie dabei, Klarheit und L\u00f6sungen zu finden, Sorgen zu \u00fcberwinden und besonders in herausfordernden Momenten gest\u00e4rkt neue Wege zu gehen durch Ihre pers\u00f6nliche Entwicklung.\" \/>\n<meta name=\"robots\" content=\"index, follow, max-snippet:-1, max-image-preview:large, max-video-preview:-1\" \/>\n<link rel=\"canonical\" href=\"https:\/\/www.ursula-schensky.de\/cms\/46-2\/\" \/>\n<meta property=\"og:locale\" content=\"de_DE\" \/>\n<meta property=\"og:type\" content=\"article\" \/>\n<meta property=\"og:title\" content=\"Praxis - Praxis f\u00fcr Lebensfragen und ElternCoaching\" \/>\n<meta property=\"og:description\" content=\"Bei Problemen im Leben, schwierigen Paarsituationen und anstrengenden Herausforderungen mit sich und Kindern biete ich Ihnen eine effektive, Begleitung. Durch individuelle Elternberatung und in Kursen unterst\u00fctze ich Sie dabei, Klarheit und L\u00f6sungen zu finden, Sorgen zu \u00fcberwinden und besonders in herausfordernden Momenten gest\u00e4rkt neue Wege zu gehen durch Ihre pers\u00f6nliche Entwicklung.\" \/>\n<meta property=\"og:url\" content=\"https:\/\/www.ursula-schensky.de\/cms\/46-2\/\" \/>\n<meta property=\"og:site_name\" content=\"Praxis f\u00fcr Lebensfragen und ElternCoaching\" \/>\n<meta property=\"article:publisher\" content=\"https:\/\/www.facebook.com\/UrsulaSchensky\" \/>\n<meta property=\"article:modified_time\" content=\"2025-06-09T22:15:47+00:00\" \/>\n<meta property=\"og:image\" content=\"https:\/\/www.ursula-schensky.de\/cms\/wp-content\/uploads\/2022\/03\/Header-LPraxis1024x261.jpg\" \/>\n\t<meta property=\"og:image:width\" content=\"1024\" \/>\n\t<meta property=\"og:image:height\" content=\"261\" \/>\n\t<meta property=\"og:image:type\" content=\"image\/jpeg\" \/>\n<meta name=\"twitter:card\" content=\"summary_large_image\" \/>\n<meta name=\"twitter:label1\" content=\"Gesch\u00e4tzte Lesezeit\" \/>\n\t<meta name=\"twitter:data1\" content=\"2\u00a0Minuten\" \/>\n<script type=\"application\/ld+json\" class=\"yoast-schema-graph\">{\"@context\":\"https:\/\/schema.org\",\"@graph\":[{\"@type\":\"WebPage\",\"@id\":\"https:\/\/www.ursula-schensky.de\/cms\/46-2\/\",\"url\":\"https:\/\/www.ursula-schensky.de\/cms\/46-2\/\",\"name\":\"Praxis - Praxis f\u00fcr Lebensfragen und ElternCoaching\",\"isPartOf\":{\"@id\":\"https:\/\/www.ursula-schensky.de\/cms\/#website\"},\"primaryImageOfPage\":{\"@id\":\"https:\/\/www.ursula-schensky.de\/cms\/46-2\/#primaryimage\"},\"image\":{\"@id\":\"https:\/\/www.ursula-schensky.de\/cms\/46-2\/#primaryimage\"},\"thumbnailUrl\":\"http:\/\/www.ursula-schensky.de\/wp-content\/uploads\/2022\/03\/Header-LPraxis1024x261.jpg\",\"datePublished\":\"2022-03-10T09:17:59+00:00\",\"dateModified\":\"2025-06-09T22:15:47+00:00\",\"description\":\"Bei Problemen im Leben, schwierigen Paarsituationen und anstrengenden Herausforderungen mit sich und Kindern biete ich Ihnen eine effektive, Begleitung. Durch individuelle Elternberatung und in Kursen unterst\u00fctze ich Sie dabei, Klarheit und L\u00f6sungen zu finden, Sorgen zu \u00fcberwinden und besonders in herausfordernden Momenten gest\u00e4rkt neue Wege zu gehen durch Ihre pers\u00f6nliche Entwicklung.\",\"breadcrumb\":{\"@id\":\"https:\/\/www.ursula-schensky.de\/cms\/46-2\/#breadcrumb\"},\"inLanguage\":\"de\",\"potentialAction\":[{\"@type\":\"ReadAction\",\"target\":[\"https:\/\/www.ursula-schensky.de\/cms\/46-2\/\"]}]},{\"@type\":\"ImageObject\",\"inLanguage\":\"de\",\"@id\":\"https:\/\/www.ursula-schensky.de\/cms\/46-2\/#primaryimage\",\"url\":\"http:\/\/www.ursula-schensky.de\/wp-content\/uploads\/2022\/03\/Header-LPraxis1024x261.jpg\",\"contentUrl\":\"http:\/\/www.ursula-schensky.de\/wp-content\/uploads\/2022\/03\/Header-LPraxis1024x261.jpg\"},{\"@type\":\"BreadcrumbList\",\"@id\":\"https:\/\/www.ursula-schensky.de\/cms\/46-2\/#breadcrumb\",\"itemListElement\":[{\"@type\":\"ListItem\",\"position\":1,\"name\":\"Startseite\",\"item\":\"https:\/\/www.ursula-schensky.de\/cms\/\"},{\"@type\":\"ListItem\",\"position\":2,\"name\":\"Praxis\"}]},{\"@type\":\"WebSite\",\"@id\":\"https:\/\/www.ursula-schensky.de\/cms\/#website\",\"url\":\"https:\/\/www.ursula-schensky.de\/cms\/\",\"name\":\"Praxis f\u00fcr Lebensfragen und ElternCoaching\",\"description\":\"Hilfe bei \u00dcberforderung, Angst, Erziehungsschwierigkeiten und pers\u00f6nlichen Herausforderungen\",\"publisher\":{\"@id\":\"https:\/\/www.ursula-schensky.de\/cms\/#\/schema\/person\/ea3976e4b4a12e94577017a0bde351f8\"},\"potentialAction\":[{\"@type\":\"SearchAction\",\"target\":{\"@type\":\"EntryPoint\",\"urlTemplate\":\"https:\/\/www.ursula-schensky.de\/cms\/?s={search_term_string}\"},\"query-input\":{\"@type\":\"PropertyValueSpecification\",\"valueRequired\":true,\"valueName\":\"search_term_string\"}}],\"inLanguage\":\"de\"},{\"@type\":[\"Person\",\"Organization\"],\"@id\":\"https:\/\/www.ursula-schensky.de\/cms\/#\/schema\/person\/ea3976e4b4a12e94577017a0bde351f8\",\"name\":\"Ursula Schensky\",\"image\":{\"@type\":\"ImageObject\",\"inLanguage\":\"de\",\"@id\":\"https:\/\/www.ursula-schensky.de\/cms\/#\/schema\/person\/image\/\",\"url\":\"https:\/\/www.ursula-schensky.de\/cms\/wp-content\/uploads\/2022\/05\/Header-Uebermich1024x261_2.jpg\",\"contentUrl\":\"https:\/\/www.ursula-schensky.de\/cms\/wp-content\/uploads\/2022\/05\/Header-Uebermich1024x261_2.jpg\",\"width\":1024,\"height\":261,\"caption\":\"Ursula Schensky\"},\"logo\":{\"@id\":\"https:\/\/www.ursula-schensky.de\/cms\/#\/schema\/person\/image\/\"},\"sameAs\":[\"https:\/\/www.facebook.com\/UrsulaSchensky\",\"https:\/\/instagram.com\/eltern__coaching\"]}]}<\/script>\n<!-- \/ Yoast SEO plugin. -->","yoast_head_json":{"title":"Praxis - Praxis f\u00fcr Lebensfragen und ElternCoaching","description":"Bei Problemen im Leben, schwierigen Paarsituationen und anstrengenden Herausforderungen mit sich und Kindern biete ich Ihnen eine effektive, Begleitung. Durch individuelle Elternberatung und in Kursen unterst\u00fctze ich Sie dabei, Klarheit und L\u00f6sungen zu finden, Sorgen zu \u00fcberwinden und besonders in herausfordernden Momenten gest\u00e4rkt neue Wege zu gehen durch Ihre pers\u00f6nliche Entwicklung.","robots":{"index":"index","follow":"follow","max-snippet":"max-snippet:-1","max-image-preview":"max-image-preview:large","max-video-preview":"max-video-preview:-1"},"canonical":"https:\/\/www.ursula-schensky.de\/cms\/46-2\/","og_locale":"de_DE","og_type":"article","og_title":"Praxis - Praxis f\u00fcr Lebensfragen und ElternCoaching","og_description":"Bei Problemen im Leben, schwierigen Paarsituationen und anstrengenden Herausforderungen mit sich und Kindern biete ich Ihnen eine effektive, Begleitung. Durch individuelle Elternberatung und in Kursen unterst\u00fctze ich Sie dabei, Klarheit und L\u00f6sungen zu finden, Sorgen zu \u00fcberwinden und besonders in herausfordernden Momenten gest\u00e4rkt neue Wege zu gehen durch Ihre pers\u00f6nliche Entwicklung.","og_url":"https:\/\/www.ursula-schensky.de\/cms\/46-2\/","og_site_name":"Praxis f\u00fcr Lebensfragen und ElternCoaching","article_publisher":"https:\/\/www.facebook.com\/UrsulaSchensky","article_modified_time":"2025-06-09T22:15:47+00:00","og_image":[{"width":1024,"height":261,"url":"https:\/\/www.ursula-schensky.de\/cms\/wp-content\/uploads\/2022\/03\/Header-LPraxis1024x261.jpg","type":"image\/jpeg"}],"twitter_card":"summary_large_image","twitter_misc":{"Gesch\u00e4tzte Lesezeit":"2\u00a0Minuten"},"schema":{"@context":"https:\/\/schema.org","@graph":[{"@type":"WebPage","@id":"https:\/\/www.ursula-schensky.de\/cms\/46-2\/","url":"https:\/\/www.ursula-schensky.de\/cms\/46-2\/","name":"Praxis - Praxis f\u00fcr Lebensfragen und ElternCoaching","isPartOf":{"@id":"https:\/\/www.ursula-schensky.de\/cms\/#website"},"primaryImageOfPage":{"@id":"https:\/\/www.ursula-schensky.de\/cms\/46-2\/#primaryimage"},"image":{"@id":"https:\/\/www.ursula-schensky.de\/cms\/46-2\/#primaryimage"},"thumbnailUrl":"http:\/\/www.ursula-schensky.de\/wp-content\/uploads\/2022\/03\/Header-LPraxis1024x261.jpg","datePublished":"2022-03-10T09:17:59+00:00","dateModified":"2025-06-09T22:15:47+00:00","description":"Bei Problemen im Leben, schwierigen Paarsituationen und anstrengenden Herausforderungen mit sich und Kindern biete ich Ihnen eine effektive, Begleitung. Durch individuelle Elternberatung und in Kursen unterst\u00fctze ich Sie dabei, Klarheit und L\u00f6sungen zu finden, Sorgen zu \u00fcberwinden und besonders in herausfordernden Momenten gest\u00e4rkt neue Wege zu gehen durch Ihre pers\u00f6nliche Entwicklung.","breadcrumb":{"@id":"https:\/\/www.ursula-schensky.de\/cms\/46-2\/#breadcrumb"},"inLanguage":"de","potentialAction":[{"@type":"ReadAction","target":["https:\/\/www.ursula-schensky.de\/cms\/46-2\/"]}]},{"@type":"ImageObject","inLanguage":"de","@id":"https:\/\/www.ursula-schensky.de\/cms\/46-2\/#primaryimage","url":"http:\/\/www.ursula-schensky.de\/wp-content\/uploads\/2022\/03\/Header-LPraxis1024x261.jpg","contentUrl":"http:\/\/www.ursula-schensky.de\/wp-content\/uploads\/2022\/03\/Header-LPraxis1024x261.jpg"},{"@type":"BreadcrumbList","@id":"https:\/\/www.ursula-schensky.de\/cms\/46-2\/#breadcrumb","itemListElement":[{"@type":"ListItem","position":1,"name":"Startseite","item":"https:\/\/www.ursula-schensky.de\/cms\/"},{"@type":"ListItem","position":2,"name":"Praxis"}]},{"@type":"WebSite","@id":"https:\/\/www.ursula-schensky.de\/cms\/#website","url":"https:\/\/www.ursula-schensky.de\/cms\/","name":"Praxis f\u00fcr Lebensfragen und ElternCoaching","description":"Hilfe bei \u00dcberforderung, Angst, Erziehungsschwierigkeiten und pers\u00f6nlichen Herausforderungen","publisher":{"@id":"https:\/\/www.ursula-schensky.de\/cms\/#\/schema\/person\/ea3976e4b4a12e94577017a0bde351f8"},"potentialAction":[{"@type":"SearchAction","target":{"@type":"EntryPoint","urlTemplate":"https:\/\/www.ursula-schensky.de\/cms\/?s={search_term_string}"},"query-input":{"@type":"PropertyValueSpecification","valueRequired":true,"valueName":"search_term_string"}}],"inLanguage":"de"},{"@type":["Person","Organization"],"@id":"https:\/\/www.ursula-schensky.de\/cms\/#\/schema\/person\/ea3976e4b4a12e94577017a0bde351f8","name":"Ursula Schensky","image":{"@type":"ImageObject","inLanguage":"de","@id":"https:\/\/www.ursula-schensky.de\/cms\/#\/schema\/person\/image\/","url":"https:\/\/www.ursula-schensky.de\/cms\/wp-content\/uploads\/2022\/05\/Header-Uebermich1024x261_2.jpg","contentUrl":"https:\/\/www.ursula-schensky.de\/cms\/wp-content\/uploads\/2022\/05\/Header-Uebermich1024x261_2.jpg","width":1024,"height":261,"caption":"Ursula Schensky"},"logo":{"@id":"https:\/\/www.ursula-schensky.de\/cms\/#\/schema\/person\/image\/"},"sameAs":["https:\/\/www.facebook.com\/UrsulaSchensky","https:\/\/instagram.com\/eltern__coaching"]}]}},"_links":{"self":[{"href":"https:\/\/www.ursula-schensky.de\/cms\/wp-json\/wp\/v2\/pages\/46","targetHints":{"allow":["GET"]}}],"collection":[{"href":"https:\/\/www.ursula-schensky.de\/cms\/wp-json\/wp\/v2\/pages"}],"about":[{"href":"https:\/\/www.ursula-schensky.de\/cms\/wp-json\/wp\/v2\/types\/page"}],"author":[{"embeddable":true,"href":"https:\/\/www.ursula-schensky.de\/cms\/wp-json\/wp\/v2\/users\/2"}],"replies":[{"embeddable":true,"href":"https:\/\/www.ursula-schensky.de\/cms\/wp-json\/wp\/v2\/comments?post=46"}],"version-history":[{"count":23,"href":"https:\/\/www.ursula-schensky.de\/cms\/wp-json\/wp\/v2\/pages\/46\/revisions"}],"predecessor-version":[{"id":378,"href":"https:\/\/www.ursula-schensky.de\/cms\/wp-json\/wp\/v2\/pages\/46\/revisions\/378"}],"wp:attachment":[{"href":"https:\/\/www.ursula-schensky.de\/cms\/wp-json\/wp\/v2\/media?parent=46"}],"curies":[{"name":"wp","href":"https:\/\/api.w.org\/{rel}","templated":true}]}}